 + 32. What is the remainder when 13 is divided by s?
3
Let y(x) = 7*x**2 - 2*x - 11. Let a(k) = 3*k**2 - k - 5. Let z(p) = -5*a(p) + 2*y(p). Let f = 1 + -1. What is the remainder when z(f) is divided by 3?
0
Suppose -2*a = 3*p - 45, -4*a + 105 = 11*p - 8*p. What is the remainder when a is divided by 17?
13
Let b = 178 - 120. Calculate the remainder when 229 is divided by b.
55
Let s(h) = -h**3 + 12*h**2 + 31*h - 14. Calculate the remainder when 154 is divided by s(14).
14
What is the remainder when 17 is divided by 3/(-2)*((10 - 20) + 4)?
8
Suppose 0*q + q - 3 = -b, 0 = 3*q + 2*b - 11. What is the remainder when 23 is divided by q?
3
Let j = 8 + 7. Let u be -3 - (j/3)/(-1). Suppose 3 = 2*w + 3*d + 2*d, u*d = -10. Calculate the remainder when 25 is divided by w.
11
Suppose -14*i - 2*t = -18*i + 462, 0 = 4*i - 10*t - 438. What is the remainder when 229 is divided by i?
112
Let o = -91 + 151. Calculate the remainder when 237 is divided by o.
57
Let u = -1165 - -1435. Calculate the remainder when u is divided by 34.
32
Suppose h = 3*h - 18. Suppose -q = 2*j + 50 - h, 2*j = 2*q + 64. Let a = q + 60. Calculate the remainder when 72 is divided by a.
22
Let n = -257 - -407. What is the remainder when n is divided by 38?
36
Let w = -34 - -72. Let b = 24 + 0. Let i = b + -14. What is the remainder when w is divided by i?
8
Suppose 3*x = 2*u - 61 - 7, 2*x = 0. Calculate the remainder when u is divided by 14.
6
Suppose -4*h = 20, -h - 3 - 14 = -3*s. Suppose -5*o = -0*o - 2*k - 42, -s*k = -3*o + 14. Calculate the remainder when 19 is divided by o.
9
Let v = 17 + 0. Calculate the remainder when (31 + 44)*4/3 is divided by v.
15
Let n be (1 + 0)*1377/9 + -1. Let l = n - 36. Calculate the remainder when l is divided by 30.
26
Let w = 36 - 33. Let q = 1 + w. Suppose -2*i + 3*z + 4 = -1, q*i - 20 = 4*z. What is the remainder when 57 is divided by i?
7
Suppose 2*u = -0 - 4, 336 = 4*i + 4*u. Calculate the remainder when i is divided by 37.
12
Let z(b) = -b**2 + 2*b + 2. Let c be z(0). Suppose 2*p = -3*t + 42, 0 = t + 2*p - 8 - c. Calculate the remainder when 46 is divided by t.
14
Suppose 5 = -3*z + 5*d - 1, 2*z - 4*d = -4. Let b be (z + 3 - 3) + -61. What is the remainder when 79 is divided by ((-180)/b)/((-2)/(-14))?
19
Suppose 16*y - 6660 = -29*y. Calculate the remainder when y is divided by 19.
15
Let l(g) = -110*g - 263. What is the remainder when l(-13) is divided by 117?
114
Let d = 362 + -338. What is the remainder when 34 is divided by d?
10
What is the remainder when 695*((-5)/25)/(4/(-4)) is divided by 20?
19
Let d = -2958 + 2984. Suppose -2*q - 15 = 3*q. Calculate the remainder when d is divided by ((-2)/q)/(4/42).
5
Let q be 1/7 + (-1396)/(-28). Suppose -3 - 3 = 3*a, 4*b - q = 3*a. What is the remainder when b is divided by 6?
5
Let a(i) = 107*i + 1130. What is the remainder when 179 is divided by a(-10)?
59
Let a(j) = -518*j - 7. Let x be (-216)/63 - (-6)/14. Let c be a(x). What is the remainder when 24 is divided by 2/(-9) - c/(-117)?
11
Suppose 173*l - 185*l + 300 = 0. Calculate the remainder when 222 is divided by l.
22
Let h(i) = i - 4. Let d be h(12). Calculate the remainder when ((-14)/d)/((-1)/8) is divided by 8.
6
Let v(m) = -m**3 + 10*m**2 - 7*m - 1. Let u be v(9). Suppose 4*n = u + 3. What is the remainder when 8 is divided by n?
3
Let b = 1767 + -1731. What is the remainder when b is divided by 4?
0
Calculate the remainder when 1185 is divided by (-368)/(-20) - (12/5)/6.
15
Suppose 0 = -0*g + 5*g - 145. Suppose -346 = -5*y + g. Let h = -2796 - -2822. What is the remainder when y is divided by h?
23
Let j = -8 - 0. What is the remainder when (-373)/(-7) + j/28 is divided by 18?
17
Suppose -5*v = 5*k - 45, 5*k - 4*v = 3*k + 6. Calculate the remainder when 12 is divided by k.
5
Suppose 0 = b - 28 - 50. Let l = -58 + b. Calculate the remainder when 96 is divided by l.
16
Let t = 92 - 82. Suppose -3*b - 4*p = p - 41, -3*b + 1 = -5*p. What is the remainder when b is divided by 4/(-6)*(-7 + (-5)/t)?
2
Let j be (-50)/3*(-24)/20. Let m be (-4)/(-10) - 788/j. Let i = m + 160. What is the remainder when i is divided by 31?
28
What is the remainder when 66 is divided by (34/(-3))/(4/(-6))?
15
Suppose -9*u + 6*u = 2*m - 340, 3*u - 330 = 3*m. What is the remainder when u is divided by 20?
12
Let l be (-6)/(-14) + 3/(-7). Suppose -5*w + 4*m - 5 = 0, w + l + 2 = m. Calculate the remainder when 8 is divided by w.
2
Let f = -8 + 24. Let h(y) = -y**3 + 14*y**2 + 14*y + 16. Let a be h(15). What is the remainder when a*42 - (-28)/7 is divided by f?
14
Suppose u + 3*t = 28, -3*u - 4*t + 59 = -0*u. Calculate the remainder when 154 is divided by u.
11
Let y(u) = u**2 - 4*u + 6. Let d be y(4). Suppose -3*m = -w + d*w + 39, -30 = 4*w + 3*m. What is the remainder when 26 is divided by (w/6)/((-3)/18)?
8
Let l = -69 + 154. Let k = l + -47. Calculate the remainder when 74 is divided by k.
36
Suppose 0*i + 3*i = 9. Let t be ((-3 - -108)/i)/1. Let o = 48 - t. Calculate the remainder when 50 is divided by o.
11
Let l(h) = h**3 - 9*h**2 - 55. Calculate the remainder when l(10) is divided by 11.
1
Suppose -21 = -5*i + 4*n + 302, -4*n - 8 = 0. Calculate the remainder when 248 is divided by i.
59
Calculate the remainder when -351*((-4)/18)/(23/69) is divided by 12.
6
Suppose -3*w = 15, -5*y + 2*w + 10 = -3*y. Suppose y = -6*q + 84 + 24. Calculate the remainder when 47 is divided by q.
11
Suppose -231*g + 237*g - 984 = 0. Calculate the remainder when g is divided by 56.
52
Suppose 2*j + 102 = 5*r, 0*r - 80 = -4*r + 2*j. Suppose 4*m = 2*l + m - 165, 4*m - 340 = -4*l. What is the remainder when l is divided by r?
18
Let x(w) = 4*w - 20. Let r be x(5). Suppose 4*c = -r*c + 112. What is the remainder when 80 is divided by c?
24
Let x = 47 - 28. What is the remainder when x is divided by (9 - 5) + -7 + 16?
6
Suppose 13 = 4*m - 5*f - 187, -m + 5*f = -50. Let a be m/4*(-2)/1. Let w = 1 - a. Calculate the remainder when 102 is divided by w.
24
Let d(r) = -r**3 - 2*r**2 - 3*r - 2. Calculate the remainder when 10 - -7*4/(-28) is divided by d(-2).
1
Let k(p) = p + 107. Calculate the remainder when k(28) is divided by 54.
27
Let g = 211 + -182. Let s = -7 + 10. Suppose -z = s*z - 336. What is the remainder when z is divided by g?
26
Suppose -2*p + p = 5*l + 18, 4*p = l + 12. Suppose 4*j + t = p, 4*t = 2*j + t - 8. Calculate the remainder when 3 is divided by j.
0
Let a(f) = 4*f**2 + 23*f - 34. Let n(y) = 7*y**2 + 46*y - 66. Let x(b) = 5*a(b) - 3*n(b). Calculate the remainder when x(-14) is divided by 13.
11
Suppose 11*x - 233 - 614 = 0. Calculate the remainder when x is divided by 41.
36
Let z(h) = -2*h**3 + 50*h**2 - 59*h + 49. Calculate the remainder when z(23) is divided by 30.
28
Suppose y + 480 = 6*y. Let n = -79 + y. Let x(f) = 2*f**3 - f**2 - 5*f + 2. What is the remainder when x(3) is divided by n?
15
Suppose q + 4*q - 61 = -3*y, -5*y + 127 = 2*q. Let o = y + -16. Suppose a + 4*w - 22 = 0, a - w = -4*a + 26. What is the remainder when o is divided by a?
5
Suppose 0 = 2*h + 17 - 39. Suppose h = 3*a - 13. What is the remainder when 30 is divided by a?
6
Suppose 0 = 803*k - 794*k - 891. Let d(l) = 4*l + 2. Calculate the remainder when k is divided by d(8).
31
Let t = 253 + -226. What is the remainder when 320 is divided by t?
23
Suppose -39 = -c + 4*i, -3*i + 17 = 2. What is the remainder when c is divided by 31?
28
Let r = -17 + 28. Suppose 25 = -2*o - 91. Let k = 90 + o. What is the remainder when k is divided by r?
10
Let x(d) = -25*d + 18*d - 21 + 19*d. What is the remainder when x(9) is divided by 30?
27
Suppose -3*y + 28 = s - 129, 0 = 2*y + 4*s - 88. Suppose -3*k + 72 = 3*t, 0*t - 72 = -4*t + 2*k. What is the remainder when y is divided by t?
14
Suppose 242*p = 228*p + 896. Calculate the remainder when p is divided by 10.
4
Suppose 0 = -4*b + 6 + 18. What is the remainder when (6 + 0)*(-4 + 22/3) is divided by b?
2
What is the remainder when (3 + -35)*(-2)/4 is divided by ((-66)/8)/((-18)/24)?
5
Let v = 48 + 31. Calculate the remainder when v is divided by 5.
4
Let o be (30/9)/(3 + (-26)/12). Suppose 0*n + 3*l + 91 = 2*n, o*n + 3*l = 173. Let s = 1 + 11. What is the remainder when n is divided by s?
8
Let x be ((-2)/(-3))/((-20)/(-330)). Let o = -2 + x. Let t = 8 + o. 